
70
What is the remainder when 253631 is divided by 4529?
7
Calculate the remainder when 12981 is divided by 916.
157
Calculate the remainder when 9894 is divided by 150.
144
Calculate the remainder when 4667 is divided by 360.
347
What is the remainder when 58857 is divided by 363?
51
What is the remainder when 125675 is divided by 14?
11
Calculate the remainder when 56389 is divided by 10.
9
Calculate the remainder when 44184 is divided by 21.
0
Calculate the remainder when 1112979 is divided by 65.
49
What is the remainder when 984 is divided by 217?
116
Calculate the remainder when 2918461 is divided by 447.
445
Calculate the remainder when 10906 is divided by 981.
115
Calculate the remainder when 39207 is divided by 2063.
10
Calculate the remainder when 11638 is divided by 1895.
268
Calculate the remainder when 19895 is divided by 323.
192
Calculate the remainder when 593457 is divided by 14.
11
Calculate the remainder when 39574 is divided by 9885.
34
Calculate the remainder when 32673 is divided by 10886.
15
What is the remainder when 3454 is divided by 196?
122
What is the remainder when 910366 is divided by 231?
226
Calculate the remainder when 943 is divided by 361.
221
Calculate the remainder when 27563 is divided by 77.
74
What is the remainder when 1842255 is divided by 17?
16
What is the remainder when 19000 is divided by 96?
88
Calculate the remainder when 1049139 is divided by 23.
17
What is the remainder when 31356 is divided by 7836?
12
What is the remainder when 20735 is divided by 121?
44
Calculate the remainder when 5212 is divided by 537.
379
Calculate the remainder when 7532 is divided by 523.
210
Calculate the remainder when 144490 is divided by 210.
10
Calculate the remainder when 10741 is divided by 5354.
33
What is the remainder when 260901 is divided by 5?
1
Calculate the remainder when 9866 is divided by 253.
252
Calculate the remainder when 4257 is divided by 12.
9
What is the remainder when 169315 is divided by 830?
825
Calculate the remainder when 98257 is divided by 124.
49
Calculate the remainder when 3413 is divided by 473.
102
What is the remainder when 5054 is divided by 1606?
236
What is the remainder when 4091 is divided by 23?
20
Calculate the remainder when 1365911 is divided by 94.
91
What is the remainder when 8414 is divided by 90?
44
What is the remainder when 25944 is divided by 51?
36
What is the remainder when 5132 is divided by 392?
36
What is the remainder when 11814 is divided by 1709?
1560
Calculate the remainder when 17094 is divided by 5422.
828
Calculate the remainder when 17687 is divided by 5.
2
Calculate the remainder when 20752 is divided by 156.
4
Calculate the remainder when 8336 is divided by 416.
16
What is the remainder when 126284 is divided by 126274?
10
What is the remainder when 201057 is divided by 6933?
0
What is the remainder when 37526 is divided by 6253?
8
Calculate the remainder when 18570 is divided by 217.
125
What is the remainder when 42861 is divided by 38?
35
Calculate the remainder when 40316 is divided by 209.
188
Calculate the remainder when 3728419 is divided by 394.
391
Calculate the remainder when 641044 is divided by 1319.
10
Calculate the remainder when 57489 is divided by 89.
84
What is the remainder when 59873 is divided by 102?
101
Calculate the remainder when 2049 is divided by 270.
159
What is the remainder when 29053 is divided by 73?
72
Calculate the remainder when 4169 is divided by 417.
416
Calculate the remainder when 7230 is divided by 2379.
93
Calculate the remainder when 240867 is divided by 155.
152
What is the remainder when 2462865 is divided by 129?
126
What is the remainder when 2999 is divided by 31?
23
Calculate the remainder when 254 is divided by 141.
113
Calculate the remainder when 93485 is divided by 94.
49
Calculate the remainder when 562 is divided by 389.
173
Calculate the remainder when 11932 is divided by 42.
4
Calculate the remainder when 36759 is divided by 102.
39
Calculate the remainder when 49759 is divided by 429.
424
Calculate the remainder when 119094 is divided by 617.
13
Calculate the remainder when 22302 is divided by 548.
382
What is the remainder when 226068 is divided by 45213?
3
What is the remainder when 42247 is divided by 3?
1
What is the remainder when 99203 is divided by 557?
57
Calculate the remainder when 1629 is divided by 490.
159
What is the remainder when 12753552 is divided by 11?
9
What is the remainder when 85711 is divided by 34?
31
What is the remainder when 12440 is divided by 300?
140
Calculate the remainder when 20078 is divided by 2852.
114
What is the remainder when 175647 is divided by 43911?
3
Calculate the remainder when 15689 is divided by 77.
58
Calculate the remainder when 743 is divided by 367.
9
What is the remainder when 1051275 is divided by 16?
11
Calculate the remainder when 34323 is divided by 4903.
2
Calculate the remainder when 79798 is divided by 26589.
31
Calculate the remainder when 176 is divided by 31.
21
Calculate the remainder when 10732 is divided by 101.
26
What is the remainder when 21399 is divided by 243?
15
What is the remainder when 29554 is divided by 1712?
450
What is the remainder when 3903 is divided by 82?
49
Calculate the remainder when 637976 is divided by 6.
2
What is the remainder when 3371 is divided by 135?
131
Calculate the remainder when 6638 is divided by 605.
588
What is the remainder when 25829 is divided by 198?
89
Calculate the remainder when 4547 is divided by 1497.
56
Calculate the remainder when 1048 is divided by 41.
23
Calculate the remainder when 5885 is divided by 255.
20
Calculate the remainder when 1372907 is divided by 18.
11
What is the remainder when 3279 is divided by 91?
3
Calculate the remainder when 115455 is divided by 9.
3
Calculate the remainder when 189941 is divided by 335.
331
What is the remainder when 2905 is divided by 321?
16
What is the remainder when 10833 is divided by 2162?
23
What is the remainder when 8687 is divided by 397?
350
What is the remainder when 954 is divided by 133?
23
What is the remainder when 15382 is divided by 270?
262
What is the remainder when 1563611 is divided by 569?
568
What is the remainder when 5536 is divided by 1084?
116
What is the remainder when 10374 is divided by 52?
26
What is the remainder when 13650 is divided by 405?
285
Calculate the remainder when 145715 is divided by 72857.
1
Calculate the remainder when 2181 is divided by 9.
3
What is the remainder when 8944 is divided by 4447?
50
What is the remainder when 409278 is divided by 86?
4
Calculate the remainder when 62549 is divided by 857.
845
Calculate the remainder when 867880 is divided by 29.
26
Calculate the remainder when 4619 is divided by 4530.
89
Calculate the remainder when 2157242 is divided by 546.
542
Calculate the remainder when 208787 is divided by 13919.
2
Calculate the remainder when 630844 is divided by 1290.
34
Calculate the remainder when 12609 is divided by 41.
22
What is the remainder when 20825 is divided by 7?
0
Calculate the remainder when 8900 is divided by 889.
10
Calculate the remainder when 2751 is divided by 204.
99
What is the remainder when 10248 is divided by 201?
198
Calculate the remainder when 135672 is divided by 78.
30
Calculate the remainder when 8446 is divided by 106.
72
What is the remainder when 3867 is divided by 68?
59
What is the remainder when 3634 is divided by 1196?
46
Calculate the remainder when 49794 is divided by 332.
326
Calculate the remainder when 512493 is divided by 68.
45
What is the remainder when 121729 is divided by 62?
23
What is the remainder when 25321 is divided by 528?
505
Calculate the remainder when 130940 is divided by 658.
656
Calculate the remainder when 2696 is divided by 506.
166
Calculate the remainder when 6497 is divided by 26.
23
What is the remainder when 1431 is divided by 227?
69
Calculate the remainder when 257698 is divided by 83.
66
What is the remainder when 616281 is divided by 76?
73
Calculate the remainder when 228987 is divided by 1431.
27
What is the remainder when 64709 is divided by 53?
49
What is the remainder when 739 is divided by 124?
119
What is the remainder when 10290 is divided by 72?
66
Calculate the remainder when 2655309 is